{"id":5724,"date":"2025-09-29T10:11:33","date_gmt":"2025-09-29T13:11:33","guid":{"rendered":"https:\/\/www.frsn.utn.edu.ar\/?page_id=5724"},"modified":"2026-03-01T12:22:03","modified_gmt":"2026-03-01T15:22:03","slug":"tup-a-distancia-inicio-agosto-2025","status":"publish","type":"page","link":"https:\/\/www.frsn.utn.edu.ar\/?page_id=5724","title":{"rendered":"TUP a distancia &#8211; inicio Agosto 2026"},"content":{"rendered":"\n<p class=\"has-text-align-center\"><strong><mark style=\"background-color:#fcb900\" class=\"has-inline-color\">Inscripci\u00f3n abierta desde el 1 de abril hasta el 20 de mayo<\/mark><\/strong><\/p>\n\n\n\n<h2 class=\"wp-block-heading\">Costo<\/h2>\n\n\n\n<p>La carrera tiene una matr\u00edcula inicial y once cuotas por cada a\u00f1o de cursado. Para la cohorte Agosto 2026, el monto de la matr\u00edcula es de $130.000 y el de las cuotas inicia en $165.000. Las cuotas podr\u00e1n ser indexadas seg\u00fan el \u00edndice de aumentos docentes.<\/p>\n\n\n\n<p><\/p>\n\n\n\n<h2 class=\"wp-block-heading\">Proceso de inscripci\u00f3n<\/h2>\n\n\n\n<p>La inscripci\u00f3n a la modalidad a distancia de la Tecnicatura Universitaria en Programaci\u00f3n, para el inicio en agosto 2026, se realiza del 1 de abril al 20 de mayo de 2026.<br>Para inscribirse, se debe completar el siguiente formulario, <strong>disponible a partir del 1 de abril<\/strong>: <a rel=\"noreferrer noopener\" href=\"https:\/\/utnsannicolas.quinttos.com\/inscripcion\/online\/TUPAD\" target=\"_blank\">https:\/\/utnsannicolas.quinttos.com\/inscripcion\/online\/TUPAD<\/a><br>Una vez completado el formulario, deber\u00e1n subir al sistema dos archivos PDF: uno correspondiente al DNI, frente y dorso, y el otro, correspondiente al certificado anal\u00edtico completo del nivel secundario. En caso de a\u00fan no poseerlo, podr\u00e1n subir una constancia de certificado de estudios en tr\u00e1mite. Esta documentaci\u00f3n ser\u00e1 verificada dentro de las 72 horas posteriores a que se ingres\u00f3 en el sistema y una vez que haya finalizado la verificaci\u00f3n, se podr\u00e1 abonar el adelanto de matr\u00edcula, quedando habilitados a realizar el curso de preingreso. <\/p>\n\n\n\n<figure class=\"wp-block-image size-full\"><img decoding=\"async\" loading=\"lazy\" width=\"273\" height=\"29\" src=\"https:\/\/www.frsn.utn.edu.ar\/wp-content\/uploads\/2026\/03\/image.png\" alt=\"\" class=\"wp-image-6632\"\/><\/figure>\n\n\n\n<p><\/p>\n\n\n\n<h2 class=\"wp-block-heading\">Curso de pre-ingreso<\/h2>\n\n\n\n<p>El ingreso a la carrera exige la realizaci\u00f3n y aprobaci\u00f3n del curso de preingreso. Este curso es asincr\u00f3nico, es decir, todo el material y actividades est\u00e1n en el aula virtual, donde tambi\u00e9n se encontrar\u00e1 un cronograma semanal de actividades, que debe ser respetado. Habr\u00e1 un encuentro por semana sincr\u00f3nico, para informaci\u00f3n y evacuaci\u00f3n de dudas, no obligatorio.<br>Se debe haber formalizado la inscripci\u00f3n para poder realizar este curso.<\/p>\n\n\n\n<p><\/p>\n\n\n\n<p><strong>Junio<\/strong>: \u00fanica instancia disponible. Desde el 2 de junio al 4 de julio de 2026. El d\u00eda 4 de julio realiza el examen final del curso.<\/p>\n\n\n\n<p>Pueden encontrar a continuaci\u00f3n el temario del curso.<br><a href=\"https:\/\/www.frsn.utn.edu.ar\/wp-content\/uploads\/2025\/10\/Programa-curso-de-ingreso-TUPaD-1.pdf\" target=\"_blank\" rel=\"noreferrer noopener\">Temario curso de ingreso<\/a><\/p>\n\n\n\n<p><\/p>\n","protected":false},"excerpt":{"rendered":"<p>Inscripci\u00f3n abierta desde el 1 de abril hasta el 20 de mayo Costo La carrera tiene una matr\u00edcula inicial y once cuotas por cada a\u00f1o de cursado. Para la cohorte<\/p>\n","protected":false},"author":4,"featured_media":0,"parent":0,"menu_order":0,"comment_status":"closed","ping_status":"closed","template":"","meta":[],"_links":{"self":[{"href":"https:\/\/www.frsn.utn.edu.ar\/index.php?rest_route=\/wp\/v2\/pages\/5724"}],"collection":[{"href":"https:\/\/www.frsn.utn.edu.ar\/index.php?rest_route=\/wp\/v2\/pages"}],"about":[{"href":"https:\/\/www.frsn.utn.edu.ar\/index.php?rest_route=\/wp\/v2\/types\/page"}],"author":[{"embeddable":true,"href":"https:\/\/www.frsn.utn.edu.ar\/index.php?rest_route=\/wp\/v2\/users\/4"}],"replies":[{"embeddable":true,"href":"https:\/\/www.frsn.utn.edu.ar\/index.php?rest_route=%2Fwp%2Fv2%2Fcomments&post=5724"}],"version-history":[{"count":21,"href":"https:\/\/www.frsn.utn.edu.ar\/index.php?rest_route=\/wp\/v2\/pages\/5724\/revisions"}],"predecessor-version":[{"id":6634,"href":"https:\/\/www.frsn.utn.edu.ar\/index.php?rest_route=\/wp\/v2\/pages\/5724\/revisions\/6634"}],"wp:attachment":[{"href":"https:\/\/www.frsn.utn.edu.ar\/index.php?rest_route=%2Fwp%2Fv2%2Fmedia&parent=5724"}],"curies":[{"name":"wp","href":"https:\/\/api.w.org\/{rel}","templated":true}]}}