{"id":560,"date":"2018-12-04T14:47:21","date_gmt":"2018-12-04T17:47:21","guid":{"rendered":"https:\/\/frsnweb2.frsn.utn.edu.ar\/?page_id=560"},"modified":"2025-10-07T09:19:53","modified_gmt":"2025-10-07T12:19:53","slug":"tecnicatura-en-diseno-industrial","status":"publish","type":"page","link":"https:\/\/www.frsn.utn.edu.ar\/?page_id=560","title":{"rendered":"Tecnicatura Universitaria en Dise\u00f1o Industrial"},"content":{"rendered":"<p>Esta Tecnicatura busca generar una opci\u00f3n curricular para la formaci\u00f3n de recursos humanos provenientes del nivel medio de educaci\u00f3n y trabajadores que deseen adquirir conocimientos y competencias que les permitan colaborar en el dise\u00f1o y desarrollo de productos.<\/p>\n<p>Preparamos un profesional capaz de:<\/p>\n<ul>\n<li>Participar en el desarrollo de productos teniendo en cuenta su fabricaci\u00f3n, su funcionalidad, la relaci\u00f3n con el medio ambiente, su inserci\u00f3n y distribuci\u00f3n en el mercado.<\/li>\n<li>Colaborar en la selecci\u00f3n de los materiales, la tecnolog\u00eda y los medios productivos a utilizar.<\/li>\n<li>Entender en los factores antropom\u00e9tricos y ergonom\u00e9tricos del producto para aplicarlos en el proceso de dise\u00f1o.<\/li>\n<li>Conocer y operar las herramientas inform\u00e1ticas necesarias para todas las etapas de desarrollo del proyecto.<\/li>\n<\/ul>\n<p><strong>Duraci\u00f3n<\/strong><\/p>\n<p>3 a\u00f1os<\/p>\n<p><strong>Admisi\u00f3n<\/strong><\/p>\n<p>Para ingresar en la carrera, el aspirante deber\u00e1 poseer T\u00edtulo Secundario Oficial o expedido por establecimiento reconocido.<\/p>\n<p><strong>Modalidad<\/strong><\/p>\n<p>Clases sincr\u00f3nicas virtuales y clases presenciales.<\/p>\n<p><strong>Informes e Inscripci\u00f3n<\/strong><\/p>\n<p>Oficina de Posgrado y Educaci\u00f3n Continua.<\/p>\n<p>Col\u00f3n 332<\/p>\n<p>Te.: 0336- 4420830 \/\u00a0 4425266 \u2013 int.: 119<\/p>\n<p>E-mail: <a href=\"mailto:posgrado@frsn.utn.edu.ar\">posgrado@frsn.utn.edu.ar<\/a><\/p>\n<p>\u00a0<\/p>\n\n\n<div class=\"wp-block-file\"><object class=\"wp-block-file__embed\" data=\"https:\/\/www.frsn.utn.edu.ar\/wp-content\/uploads\/2025\/10\/TEC.-UNIV.-DISENO-IND_.pdf\" type=\"application\/pdf\" style=\"width:100%;height:600px\" aria-label=\"Incrustado de TEC.-UNIV.-DISENO-IND_.\"><\/object><a id=\"wp-block-file--media-e42fed6d-6d4a-42a4-81cb-39d0765bc5fa\" href=\"https:\/\/www.frsn.utn.edu.ar\/wp-content\/uploads\/2025\/10\/TEC.-UNIV.-DISENO-IND_.pdf\">TEC.-UNIV.-DISENO-IND_<\/a><a href=\"https:\/\/www.frsn.utn.edu.ar\/wp-content\/uploads\/2025\/10\/TEC.-UNIV.-DISENO-IND_.pdf\" class=\"wp-block-file__button wp-element-button\" download aria-describedby=\"wp-block-file--media-e42fed6d-6d4a-42a4-81cb-39d0765bc5fa\">Descarga<\/a><\/div>\n","protected":false},"excerpt":{"rendered":"<p>Esta Tecnicatura busca generar una opci\u00f3n curricular para la formaci\u00f3n de recursos humanos provenientes del nivel medio de educaci\u00f3n y trabajadores que deseen adquirir conocimientos y competencias que les permitan<\/p>\n","protected":false},"author":2,"featured_media":0,"parent":37,"menu_order":0,"comment_status":"closed","ping_status":"closed","template":"","meta":[],"_links":{"self":[{"href":"https:\/\/www.frsn.utn.edu.ar\/index.php?rest_route=\/wp\/v2\/pages\/560"}],"collection":[{"href":"https:\/\/www.frsn.utn.edu.ar\/index.php?rest_route=\/wp\/v2\/pages"}],"about":[{"href":"https:\/\/www.frsn.utn.edu.ar\/index.php?rest_route=\/wp\/v2\/types\/page"}],"author":[{"embeddable":true,"href":"https:\/\/www.frsn.utn.edu.ar\/index.php?rest_route=\/wp\/v2\/users\/2"}],"replies":[{"embeddable":true,"href":"https:\/\/www.frsn.utn.edu.ar\/index.php?rest_route=%2Fwp%2Fv2%2Fcomments&post=560"}],"version-history":[{"count":9,"href":"https:\/\/www.frsn.utn.edu.ar\/index.php?rest_route=\/wp\/v2\/pages\/560\/revisions"}],"predecessor-version":[{"id":6257,"href":"https:\/\/www.frsn.utn.edu.ar\/index.php?rest_route=\/wp\/v2\/pages\/560\/revisions\/6257"}],"up":[{"embeddable":true,"href":"https:\/\/www.frsn.utn.edu.ar\/index.php?rest_route=\/wp\/v2\/pages\/37"}],"wp:attachment":[{"href":"https:\/\/www.frsn.utn.edu.ar\/index.php?rest_route=%2Fwp%2Fv2%2Fmedia&parent=560"}],"curies":[{"name":"wp","href":"https:\/\/api.w.org\/{rel}","templated":true}]}}