{"id":532,"date":"2018-12-04T14:25:01","date_gmt":"2018-12-04T17:25:01","guid":{"rendered":"https:\/\/frsnweb2.frsn.utn.edu.ar\/?page_id=532"},"modified":"2023-06-14T10:05:40","modified_gmt":"2023-06-14T13:05:40","slug":"licenciatura-en-organizacion-industrial","status":"publish","type":"page","link":"https:\/\/www.frsn.utn.edu.ar\/?page_id=532","title":{"rendered":"Licenciatura en Organizaci\u00f3n Industrial\u00a0"},"content":{"rendered":"<p><img decoding=\"async\" loading=\"lazy\" class=\"aligncenter size-full wp-image-2411\" src=\"https:\/\/www.frsn.utn.edu.ar\/wp-content\/uploads\/2019\/08\/LOI.png\" alt=\"\" width=\"646\" height=\"433\" srcset=\"https:\/\/www.frsn.utn.edu.ar\/wp-content\/uploads\/2019\/08\/LOI.png 646w, https:\/\/www.frsn.utn.edu.ar\/wp-content\/uploads\/2019\/08\/LOI-300x201.png 300w\" sizes=\"(max-width: 646px) 100vw, 646px\" \/><\/p>\n<p>(Se dicta en Chivilcoy y Chacabuco)<\/p>\n<p>Es la rama de la organizaci\u00f3n que estudia el comportamiento estrat\u00e9gico de las empresas y su interacci\u00f3n para determinar la estructura de mercados. Las actividades industriales tienen por objeto la transformaci\u00f3n de los recursos naturales, a trav\u00e9s de sucesivas fases, por medio de procedimientos f\u00edsicos o qu\u00edmicos.<\/p>\n<p><strong>T\u00ectulo que otorga<\/strong><\/p>\n<p>Licenciado en Organizaci\u00f3n Industrial<\/p>\n<p><strong>Duraci\u00f3n<\/strong><\/p>\n<p>4 a\u00f1os<\/p>\n<p><strong>Contacto<\/strong><\/p>\n<p>UTN Chacabuco, Av. Saavedra y 12 de Febrero (Escuela N\u00b0 14)<br \/>\nHorario:\u00a0de lunes a viernes de 19 a 21 hs<br \/>\nTel\u00e9fono:\u00a0(02352) 431251<br \/>\nE-mail:\u00a0utnchacabuco@gmail.com<\/p>\n<hr \/>\n<p><a href=\"https:\/\/www.frsn.utn.edu.ar\/wp-content\/uploads\/2023\/06\/Licenciatura-en-Organizacion-Industrial.pdf\">Licenciatura en Organizaci\u00f3n Industrial<\/a><\/p>\n","protected":false},"excerpt":{"rendered":"<p>(Se dicta en Chivilcoy y Chacabuco) Es la rama de la organizaci\u00f3n que estudia el comportamiento estrat\u00e9gico de las empresas y su interacci\u00f3n para determinar la estructura de mercados. Las<\/p>\n","protected":false},"author":2,"featured_media":0,"parent":33,"menu_order":0,"comment_status":"closed","ping_status":"closed","template":"","meta":[],"_links":{"self":[{"href":"https:\/\/www.frsn.utn.edu.ar\/index.php?rest_route=\/wp\/v2\/pages\/532"}],"collection":[{"href":"https:\/\/www.frsn.utn.edu.ar\/index.php?rest_route=\/wp\/v2\/pages"}],"about":[{"href":"https:\/\/www.frsn.utn.edu.ar\/index.php?rest_route=\/wp\/v2\/types\/page"}],"author":[{"embeddable":true,"href":"https:\/\/www.frsn.utn.edu.ar\/index.php?rest_route=\/wp\/v2\/users\/2"}],"replies":[{"embeddable":true,"href":"https:\/\/www.frsn.utn.edu.ar\/index.php?rest_route=%2Fwp%2Fv2%2Fcomments&post=532"}],"version-history":[{"count":4,"href":"https:\/\/www.frsn.utn.edu.ar\/index.php?rest_route=\/wp\/v2\/pages\/532\/revisions"}],"predecessor-version":[{"id":3373,"href":"https:\/\/www.frsn.utn.edu.ar\/index.php?rest_route=\/wp\/v2\/pages\/532\/revisions\/3373"}],"up":[{"embeddable":true,"href":"https:\/\/www.frsn.utn.edu.ar\/index.php?rest_route=\/wp\/v2\/pages\/33"}],"wp:attachment":[{"href":"https:\/\/www.frsn.utn.edu.ar\/index.php?rest_route=%2Fwp%2Fv2%2Fmedia&parent=532"}],"curies":[{"name":"wp","href":"https:\/\/api.w.org\/{rel}","templated":true}]}}