{"id":525,"date":"2018-12-04T14:20:45","date_gmt":"2018-12-04T17:20:45","guid":{"rendered":"https:\/\/frsnweb2.frsn.utn.edu.ar\/?page_id=525"},"modified":"2024-09-10T12:12:49","modified_gmt":"2024-09-10T15:12:49","slug":"ingenieria-mecanica","status":"publish","type":"page","link":"https:\/\/www.frsn.utn.edu.ar\/?page_id=525","title":{"rendered":"Ingenier\u00eda Mec\u00e1nica"},"content":{"rendered":"<p><img decoding=\"async\" loading=\"lazy\" class=\"aligncenter size-full wp-image-2448\" src=\"https:\/\/www.frsn.utn.edu.ar\/wp-content\/uploads\/2019\/09\/mecanica.png\" alt=\"\" width=\"923\" height=\"600\" srcset=\"https:\/\/www.frsn.utn.edu.ar\/wp-content\/uploads\/2019\/09\/mecanica.png 923w, https:\/\/www.frsn.utn.edu.ar\/wp-content\/uploads\/2019\/09\/mecanica-300x195.png 300w, https:\/\/www.frsn.utn.edu.ar\/wp-content\/uploads\/2019\/09\/mecanica-768x499.png 768w\" sizes=\"(max-width: 923px) 100vw, 923px\" \/><\/p>\n<p>Es un campo de la ingenier\u00eda que se dedica al an\u00e1lisis, dise\u00f1o, fabricaci\u00f3n y mantenimiento de los sistemas mec\u00e1nicos. Se utilizan principios como el calor, la fuerza y la conservaci\u00f3n de la masa y de la energ\u00eda para analizar sistemas f\u00edsicos, est\u00e1ticos y din\u00e1micos, contribuyendo a dise\u00f1ar m\u00e1quinas, equipos e instalaciones teniendo siempre en mente aspectos ecol\u00f3gicos y econ\u00f3micos para el beneficio de la sociedad.<\/p>\n<p><strong>T\u00edtulo que otorga<\/strong><\/p>\n<p>Ingeniero Mec\u00e1nico \/ Ingeniera Mec\u00e1nica<\/p>\n<p><strong>Perfil Profesional<\/strong><\/p>\n<p>El perfil de egreso del ingeniero\/a mec\u00e1nico\/a est\u00e1 s\u00f3lidamente fundamentado sobre las bases del proyecto institucional de la Universidad Tecnol\u00f3gica Nacional atendiendo a las actividades reservadas propias de este t\u00edtulo.<\/p>\n<p>As\u00ed cada profesional que se grad\u00fae en la carrera ha de poseer una formaci\u00f3n acad\u00e9mica que genere aptitudes, habilidades y actitudes, sustentada en el conocimiento cient\u00edfico y tecnol\u00f3gico, que le permita interpretar nuevas\u00a0 tecnolog\u00edas y contribuir al desarrollo de las mismas con visi\u00f3n innovadora y emprendedora, partiendo desde la identificaci\u00f3n para la resoluci\u00f3n de problemas de manera sist\u00e9mica, motivado por las necesidades de la sociedad, apoyado permanentemente en la \u00e9tica y con una perspectiva global que incluye aspectos biol\u00f3gicos, culturales, pol\u00edticos, econ\u00f3micos y ambientales en general.<\/p>\n<p>Finalmente, el perfil profesional se sustenta en un proceso de formaci\u00f3n acad\u00e9mica que otorga la capacidad para desempe\u00f1ar actividades propias de esta especialidad, en el marco de la realidad social, econ\u00f3mica y cultural de su entorno, liderando proyectos de ingenier\u00eda con la sostenibilidad que la dimensi\u00f3n ambiental requiere.<\/p>\n<p><strong>Duraci\u00f3n<\/strong><\/p>\n<p>5 a\u00f1os<\/p>\n<hr \/>\n<p><a href=\"https:\/\/www.frsn.utn.edu.ar\/wp-content\/uploads\/2023\/06\/Ingenieria-mecanica-correlatividades.pdf\">Ingenier\u00eda mec\u00e1nica Correlatividades &#8211; Plan 94<\/a><\/p>\n<p><a href=\"https:\/\/www.frsn.utn.edu.ar\/wp-content\/uploads\/2024\/09\/Plan-de-estudio-Ing-Mecanica-2023.pdf\" target=\"_blank\" rel=\"noopener\">Plan de Estudio \u2013 Ingenier\u00eda Mec\u00e1nica \u2013 Plan 2023<\/a><\/p>\n<p><a href=\"https:\/\/www.frsn.utn.edu.ar\/wp-content\/uploads\/2024\/09\/Ord-1901-Ingenieria-Mecanica.pdf\" target=\"_blank\" rel=\"noopener\">Ord. CSU 1901 \u2013 Dise\u00f1o Curricular Ing. Mec\u00e1nica (Plan 2023)<\/a><\/p>\n<p><a href=\"https:\/\/www.frsn.utn.edu.ar\/wp-content\/uploads\/2024\/09\/Ord-1902-Regimen-de-correlativas.pdf\" target=\"_blank\" rel=\"noopener\">Ord. CSU 1902 \u2013 R\u00e9gimen de Equivalencias<\/a><\/p>\n","protected":false},"excerpt":{"rendered":"<p>Es un campo de la ingenier\u00eda que se dedica al an\u00e1lisis, dise\u00f1o, fabricaci\u00f3n y mantenimiento de los sistemas mec\u00e1nicos. Se utilizan principios como el calor, la fuerza y la conservaci\u00f3n<\/p>\n","protected":false},"author":2,"featured_media":0,"parent":33,"menu_order":0,"comment_status":"closed","ping_status":"closed","template":"","meta":[],"_links":{"self":[{"href":"https:\/\/www.frsn.utn.edu.ar\/index.php?rest_route=\/wp\/v2\/pages\/525"}],"collection":[{"href":"https:\/\/www.frsn.utn.edu.ar\/index.php?rest_route=\/wp\/v2\/pages"}],"about":[{"href":"https:\/\/www.frsn.utn.edu.ar\/index.php?rest_route=\/wp\/v2\/types\/page"}],"author":[{"embeddable":true,"href":"https:\/\/www.frsn.utn.edu.ar\/index.php?rest_route=\/wp\/v2\/users\/2"}],"replies":[{"embeddable":true,"href":"https:\/\/www.frsn.utn.edu.ar\/index.php?rest_route=%2Fwp%2Fv2%2Fcomments&post=525"}],"version-history":[{"count":6,"href":"https:\/\/www.frsn.utn.edu.ar\/index.php?rest_route=\/wp\/v2\/pages\/525\/revisions"}],"predecessor-version":[{"id":4915,"href":"https:\/\/www.frsn.utn.edu.ar\/index.php?rest_route=\/wp\/v2\/pages\/525\/revisions\/4915"}],"up":[{"embeddable":true,"href":"https:\/\/www.frsn.utn.edu.ar\/index.php?rest_route=\/wp\/v2\/pages\/33"}],"wp:attachment":[{"href":"https:\/\/www.frsn.utn.edu.ar\/index.php?rest_route=%2Fwp%2Fv2%2Fmedia&parent=525"}],"curies":[{"name":"wp","href":"https:\/\/api.w.org\/{rel}","templated":true}]}}