{"id":521,"date":"2018-12-04T14:16:56","date_gmt":"2018-12-04T17:16:56","guid":{"rendered":"https:\/\/frsnweb2.frsn.utn.edu.ar\/?page_id=521"},"modified":"2024-08-29T20:48:52","modified_gmt":"2024-08-29T23:48:52","slug":"ingenieria-electronica","status":"publish","type":"page","link":"https:\/\/www.frsn.utn.edu.ar\/?page_id=521","title":{"rendered":"Ingenier\u00eda Electr\u00f3nica"},"content":{"rendered":"<p><img decoding=\"async\" loading=\"lazy\" class=\"aligncenter size-full wp-image-2443\" src=\"https:\/\/www.frsn.utn.edu.ar\/wp-content\/uploads\/2019\/09\/electronica.png\" alt=\"\" width=\"925\" height=\"610\" srcset=\"https:\/\/www.frsn.utn.edu.ar\/wp-content\/uploads\/2019\/09\/electronica.png 925w, https:\/\/www.frsn.utn.edu.ar\/wp-content\/uploads\/2019\/09\/electronica-300x198.png 300w, https:\/\/www.frsn.utn.edu.ar\/wp-content\/uploads\/2019\/09\/electronica-768x506.png 768w\" sizes=\"(max-width: 925px) 100vw, 925px\" \/><\/p>\n<p>Esta ingenier\u00eda est\u00e1 abocada a resolver los problemas de la sociedad relacionados con las comunicaciones, la inform\u00e1tica, el control de procesos, la automatizaci\u00f3n, la rob\u00f3tica, el transporte, la medicina y otras aplicaciones necesarias para la mejora de la calidad de vida de las personas y del medio ambiente en general. Tambi\u00e9n se ocupa de tareas tales como estudios de factibilidad, presupuestaci\u00f3n, direcci\u00f3n y toda otra actividad vinculada con la realizaci\u00f3n de sistemas electr\u00f3nicos.<\/p>\n<p><strong>T\u00edtulo que otorga<\/strong><\/p>\n<p>Ingeniero Electr\u00f3nico \/ Ingeniera Electr\u00f3nica<\/p>\n<p><strong>Perfil del egresado<\/strong><\/p>\n<p>La carrera de Ingenier\u00eda Electr\u00f3nica de la UTN forma profesionales con capacidad para desarrollar sistemas de ingenier\u00eda electr\u00f3nica y paralelamente aplicar la tecnolog\u00eda existente, comprometida con el medio, lo que le permite ser promotora del cambio, con capacidad de innovaci\u00f3n, al servicio de un conocimiento productivo, generando empleos y posibilitando el desarrollo social.<br \/>\nSu formaci\u00f3n les garantiza la capacidad para afrontar con solvencia el planeamiento, dise\u00f1o, desarrollo, integraci\u00f3n, direcci\u00f3n y control de productos, servicios, procesos, equipos, dispositivos y sistemas electr\u00f3nicos.<br \/>\nAsimismo, cuenta con las competencias para integrar la informaci\u00f3n proveniente de distintos campos disciplinarios concurrentes a un proyecto com\u00fan. Posee la capacidad para abordar proyectos de investigaci\u00f3n y desarrollo, integrando a tal efecto equipos interdisciplinarios, en cooperaci\u00f3n, o asumiendo el liderazgo efectivo en la coordinaci\u00f3n t\u00e9cnica y metodol\u00f3gica de los mismos.<br \/>\nTiene la preparaci\u00f3n para generar nuevas tecnolog\u00edas y\/o producir innovaci\u00f3n sobre tecnolog\u00edas existentes, para resolver problemas in\u00e9ditos en la industria, la sociedad y\/o soluciones a problemas de ingenier\u00eda tomando en consideraci\u00f3n aspectos cient\u00edficos, t\u00e9cnicos, sociales y \u00e9ticos, as\u00ed como de responsabilidad profesional.<br \/>\nSu formaci\u00f3n integral le permite administrar recursos humanos, f\u00edsicos y de aplicaci\u00f3n, que intervienen en el desarrollo de proyectos, otorgando la habilidad para el desempe\u00f1o de funciones gerenciales.<br \/>\nTambi\u00e9n es capaz de desarrollar estrategias de autoaprendizaje, mediante las cuales orientar\u00e1 acciones de actualizaci\u00f3n continua de conocimientos y tecnolog\u00edas, herramientas y metodolog\u00edas electr\u00f3nicas emergentes.<br \/>\nLa preparaci\u00f3n integral en materias t\u00e9cnicas, human\u00edsticas, seguridad, higiene y medio ambiente le ubican en una posici\u00f3n relevante en la sociedad que demandar\u00e1 cada vez m\u00e1s del ingeniero y la ingeniera un compromiso \u00e9tico y responsabilidad social en su quehacer profesional.<\/p>\n<p><strong>Duraci\u00f3n<\/strong><\/p>\n<p>5 a\u00f1os y medio<\/p>\n<hr \/>\n<p><a href=\"https:\/\/www.frsn.utn.edu.ar\/wp-content\/uploads\/2023\/06\/Ingenieria-Electronica.pdf\">Plan de Estudio Ingenier\u00eda Electr\u00f3nica &#8211; Plan 95 mod<\/a><\/p>\n<p><a href=\"https:\/\/www.frsn.utn.edu.ar\/wp-content\/uploads\/2024\/08\/Plan-de-estudio-Ing-Electronica.pdf\" target=\"_blank\" rel=\"noopener\">Plan de Estudio &#8211; Ingenier\u00eda Electr\u00f3nica &#8211; Plan 2023<\/a><\/p>\n<p><a href=\"https:\/\/www.frsn.utn.edu.ar\/wp-content\/uploads\/2024\/08\/CSU_ORD__0__1849.pdf\" target=\"_blank\" rel=\"noopener\">Ord. CSU 1849 &#8211; Dise\u00f1o Curricular Ing. Electr\u00f3nica (Plan 2023)<\/a><\/p>\n<p><a href=\"https:\/\/www.frsn.utn.edu.ar\/wp-content\/uploads\/2024\/08\/CSU_ORD__0__1850.pdf\" target=\"_blank\" rel=\"noopener\">Ord. CSU 1850 &#8211; R\u00e9gimen de Equivalencias<\/a><\/p>\n","protected":false},"excerpt":{"rendered":"<p>Esta ingenier\u00eda est\u00e1 abocada a resolver los problemas de la sociedad relacionados con las comunicaciones, la inform\u00e1tica, el control de procesos, la automatizaci\u00f3n, la rob\u00f3tica, el transporte, la medicina y<\/p>\n","protected":false},"author":2,"featured_media":0,"parent":33,"menu_order":0,"comment_status":"closed","ping_status":"closed","template":"","meta":[],"_links":{"self":[{"href":"https:\/\/www.frsn.utn.edu.ar\/index.php?rest_route=\/wp\/v2\/pages\/521"}],"collection":[{"href":"https:\/\/www.frsn.utn.edu.ar\/index.php?rest_route=\/wp\/v2\/pages"}],"about":[{"href":"https:\/\/www.frsn.utn.edu.ar\/index.php?rest_route=\/wp\/v2\/types\/page"}],"author":[{"embeddable":true,"href":"https:\/\/www.frsn.utn.edu.ar\/index.php?rest_route=\/wp\/v2\/users\/2"}],"replies":[{"embeddable":true,"href":"https:\/\/www.frsn.utn.edu.ar\/index.php?rest_route=%2Fwp%2Fv2%2Fcomments&post=521"}],"version-history":[{"count":9,"href":"https:\/\/www.frsn.utn.edu.ar\/index.php?rest_route=\/wp\/v2\/pages\/521\/revisions"}],"predecessor-version":[{"id":4860,"href":"https:\/\/www.frsn.utn.edu.ar\/index.php?rest_route=\/wp\/v2\/pages\/521\/revisions\/4860"}],"up":[{"embeddable":true,"href":"https:\/\/www.frsn.utn.edu.ar\/index.php?rest_route=\/wp\/v2\/pages\/33"}],"wp:attachment":[{"href":"https:\/\/www.frsn.utn.edu.ar\/index.php?rest_route=%2Fwp%2Fv2%2Fmedia&parent=521"}],"curies":[{"name":"wp","href":"https:\/\/api.w.org\/{rel}","templated":true}]}}