{"id":493,"date":"2018-12-04T13:46:03","date_gmt":"2018-12-04T16:46:03","guid":{"rendered":"https:\/\/frsnweb2.frsn.utn.edu.ar\/?page_id=493"},"modified":"2018-12-04T13:46:03","modified_gmt":"2018-12-04T16:46:03","slug":"laboratorio-materias-primas","status":"publish","type":"page","link":"https:\/\/www.frsn.utn.edu.ar\/?page_id=493","title":{"rendered":"Laboratorio Materias Primas"},"content":{"rendered":"<div><strong>Equipamiento<\/strong><\/div>\n<div><\/div>\n<div>Se cuenta con la posibilidad de realizar trituraci\u00f3n hasta molienda fina, realizar estudios granulom\u00e9tricos, compactaci\u00f3n, preparaci\u00f3n de arenas de moldeo, etc. A tal fin se cuenta con:<\/div>\n<ul>\n<li>Trituradora a mand\u00edbula<\/li>\n<li>Trituradora a rodillo<\/li>\n<li>Molino de bolas<\/li>\n<li>Molino de cilindros conc\u00e9ntricos<\/li>\n<li>Mezclador \u201cY\u201d<\/li>\n<li>Zarandas vibratorias<\/li>\n<li>Tamices para la determinaci\u00f3n de curva granulom\u00e9trica (ASTM)<\/li>\n<\/ul>\n","protected":false},"excerpt":{"rendered":"<p>Equipamiento Se cuenta con la posibilidad de realizar trituraci\u00f3n hasta molienda fina, realizar estudios granulom\u00e9tricos, compactaci\u00f3n, preparaci\u00f3n de arenas de moldeo, etc. A tal fin se cuenta con: Trituradora a<\/p>\n","protected":false},"author":2,"featured_media":0,"parent":26,"menu_order":0,"comment_status":"closed","ping_status":"closed","template":"","meta":[],"_links":{"self":[{"href":"https:\/\/www.frsn.utn.edu.ar\/index.php?rest_route=\/wp\/v2\/pages\/493"}],"collection":[{"href":"https:\/\/www.frsn.utn.edu.ar\/index.php?rest_route=\/wp\/v2\/pages"}],"about":[{"href":"https:\/\/www.frsn.utn.edu.ar\/index.php?rest_route=\/wp\/v2\/types\/page"}],"author":[{"embeddable":true,"href":"https:\/\/www.frsn.utn.edu.ar\/index.php?rest_route=\/wp\/v2\/users\/2"}],"replies":[{"embeddable":true,"href":"https:\/\/www.frsn.utn.edu.ar\/index.php?rest_route=%2Fwp%2Fv2%2Fcomments&post=493"}],"version-history":[{"count":1,"href":"https:\/\/www.frsn.utn.edu.ar\/index.php?rest_route=\/wp\/v2\/pages\/493\/revisions"}],"predecessor-version":[{"id":494,"href":"https:\/\/www.frsn.utn.edu.ar\/index.php?rest_route=\/wp\/v2\/pages\/493\/revisions\/494"}],"up":[{"embeddable":true,"href":"https:\/\/www.frsn.utn.edu.ar\/index.php?rest_route=\/wp\/v2\/pages\/26"}],"wp:attachment":[{"href":"https:\/\/www.frsn.utn.edu.ar\/index.php?rest_route=%2Fwp%2Fv2%2Fmedia&parent=493"}],"curies":[{"name":"wp","href":"https:\/\/api.w.org\/{rel}","templated":true}]}}