{"id":489,"date":"2018-12-04T13:43:20","date_gmt":"2018-12-04T16:43:20","guid":{"rendered":"https:\/\/frsnweb2.frsn.utn.edu.ar\/?page_id=489"},"modified":"2018-12-04T13:43:20","modified_gmt":"2018-12-04T16:43:20","slug":"laboratorio-fisicoquimica-de-alta-temperatura","status":"publish","type":"page","link":"https:\/\/www.frsn.utn.edu.ar\/?page_id=489","title":{"rendered":"Laboratorio Fisicoqu\u00edmica de Alta Temperatura"},"content":{"rendered":"<div><strong>Introducci\u00f3n<\/strong><\/div>\n<div><\/div>\n<div>En este laboratorio se caracterizan materiales met\u00e1licos fundidos ferrosos y no ferrosos, escorias, minerales, materiales carbonosos entre otros. Se cuenta con la posibilidad de realizar ensayos para la determinaci\u00f3n de diferentes propiedades a alta temperatura:<\/div>\n<ul>\n<li>Determinaci\u00f3n de composici\u00f3n qu\u00edmica, LOI y p\u00e9rdida por calcinaci\u00f3n.<\/li>\n<li>Determinaci\u00f3n de viscosidad por el m\u00e9todo rotativo hasta 1500\u00baC<\/li>\n<li>Determinaci\u00f3n de an\u00e1lisis t\u00e9rmico diferencial DTA-TG \u2013 DSC (hasta 1500\u00baC)<\/li>\n<li>Determinaci\u00f3n de fluidez<\/li>\n<li>Corrosi\u00f3n din\u00e1mica: Dipping Test y Horno rotativo<\/li>\n<li>Tensi\u00f3n superficial por dos m\u00e9todos (medici\u00f3n de \u00e1ngulo de contacto (HSM) y el m\u00e9todo del aro hasta 1500\u00baC<\/li>\n<li>Ensayos no tradicionales para estudio de fundidos de concentrados minerales, aleaciones incluyendo limpieza inclusionaria, etc.<\/li>\n<li>Horno hasta 1600\u00b0C Carbolite VST 17\/250 hasta 1600\u00baC (2012).<\/li>\n<li>Conductividad t\u00e9rmica de polvos coladores<\/li>\n<li>Determinaci\u00f3n de curvas de enfriamiento sobre metales fundidos y escorias<\/li>\n<li>Corrosi\u00f3n est\u00e1tica (bajo norma y especiales para productos de peque\u00f1a secci\u00f3n)<\/li>\n<li>Estudios de cin\u00e9tica de cristalizaci\u00f3n de escorias y metales<\/li>\n<li>Identificaci\u00f3n de fases y estudios termodin\u00e1micos asociados<\/li>\n<li>Desarrollo de ensayos espec\u00edficos de acuerdo al tema en estudio y tipo de material estudiado<\/li>\n<li>Se cuenta con la posibilidad de realizar modelizaci\u00f3n mediante software Fact Sage para estudios termodin\u00e1micos de sistemas de \u00f3xidos, aleaciones, carburos, etc<\/li>\n<\/ul>\n<p><img decoding=\"async\" src=\"http:\/\/www.frsn.utn.edu.ar\/frsn\/imagenes\/altas%20temperaturas%20equipo.jpg\" alt=\"\" \/><strong>Contacto<\/strong><\/p>\n<div>\n<div><a href=\"mailto:metalurgia@frsn.utn.edu.ar\">metalurgia@frsn.utn.edu.ar<\/a><\/div>\n<\/div>\n","protected":false},"excerpt":{"rendered":"<p>Introducci\u00f3n En este laboratorio se caracterizan materiales met\u00e1licos fundidos ferrosos y no ferrosos, escorias, minerales, materiales carbonosos entre otros. Se cuenta con la posibilidad de realizar ensayos para la determinaci\u00f3n<\/p>\n","protected":false},"author":2,"featured_media":0,"parent":477,"menu_order":0,"comment_status":"closed","ping_status":"closed","template":"","meta":[],"_links":{"self":[{"href":"https:\/\/www.frsn.utn.edu.ar\/index.php?rest_route=\/wp\/v2\/pages\/489"}],"collection":[{"href":"https:\/\/www.frsn.utn.edu.ar\/index.php?rest_route=\/wp\/v2\/pages"}],"about":[{"href":"https:\/\/www.frsn.utn.edu.ar\/index.php?rest_route=\/wp\/v2\/types\/page"}],"author":[{"embeddable":true,"href":"https:\/\/www.frsn.utn.edu.ar\/index.php?rest_route=\/wp\/v2\/users\/2"}],"replies":[{"embeddable":true,"href":"https:\/\/www.frsn.utn.edu.ar\/index.php?rest_route=%2Fwp%2Fv2%2Fcomments&post=489"}],"version-history":[{"count":1,"href":"https:\/\/www.frsn.utn.edu.ar\/index.php?rest_route=\/wp\/v2\/pages\/489\/revisions"}],"predecessor-version":[{"id":490,"href":"https:\/\/www.frsn.utn.edu.ar\/index.php?rest_route=\/wp\/v2\/pages\/489\/revisions\/490"}],"up":[{"embeddable":true,"href":"https:\/\/www.frsn.utn.edu.ar\/index.php?rest_route=\/wp\/v2\/pages\/477"}],"wp:attachment":[{"href":"https:\/\/www.frsn.utn.edu.ar\/index.php?rest_route=%2Fwp%2Fv2%2Fmedia&parent=489"}],"curies":[{"name":"wp","href":"https:\/\/api.w.org\/{rel}","templated":true}]}}