{"id":424,"date":"2018-11-13T14:47:26","date_gmt":"2018-11-13T17:47:26","guid":{"rendered":"https:\/\/frsnweb2.frsn.utn.edu.ar\/?page_id=424"},"modified":"2023-02-06T19:15:15","modified_gmt":"2023-02-06T22:15:15","slug":"laboratorio-de-quimica","status":"publish","type":"page","link":"https:\/\/www.frsn.utn.edu.ar\/?page_id=424","title":{"rendered":"Laboratorio de Qu\u00edmica"},"content":{"rendered":"<p><strong>Introducci\u00f3n<\/strong><\/p>\n<p>El Laboratorio de Ensayos Qu\u00edmicos de la Facultad Regional San Nicol\u00e1s funciona desde el a\u00f1o 1967; dependiendo en la actualidad del Departamento Materias B\u00e1sicas.<br \/>\nLas actividades que se desarrollan en el Laboratorio son las de aplicaci\u00f3n pr\u00e1ctica en las asignaturas del \u00e1rea qu\u00edmica de los Departamentos de Ingenier\u00eda Mec\u00e1nica, Ingenier\u00eda Metal\u00fargica, Ingenier\u00eda El\u00e9ctrica, Ingenier\u00eda Electr\u00f3nica e Ingenier\u00eda Industrial de esta Facultad, carreras terciarias y de posgrado, brindadas por la FRSN, como as\u00ed tambi\u00e9n Escuelas e Institutos Educativos de su zona de influencia.<\/p>\n<p><strong>Personal<\/strong><\/p>\n<p>Directora del departamento: Mg. Mar\u00eda Elena Schivo<\/p>\n<p><strong>Director del \u00c1rea Qu\u00edmica del Departamento:\u00a0<\/strong>Mg. Gabriela Despuy<\/p>\n<p><strong>Jefe de Laboratorio:\u00a0<\/strong>Ing. Mariano Casella<\/p>\n<p><strong>Auxiliares docentes:\u00a0<\/strong><\/p>\n<p>Mg. Gabriela Despuy<\/p>\n<p>Lic. Mireya Regondi<\/p>\n<p>Ing. Leticia Spadaro<\/p>\n<p><strong>\u00a0<\/strong><\/p>\n<p><strong>Trabajos que se realizan<\/strong><\/p>\n<p>Entre los ensayos m\u00e1s destacados que se realizan figura el respaldo a las c\u00e1tedras y a los grupos de investigaci\u00f3n de la Facultad colaborando con ellos en los siguientes an\u00e1lisis:<\/p>\n<ul>\n<li>Mediciones de concentraci\u00f3n de iones Hidr\u00f3geno y pH<\/li>\n<li>Reacciones de volumetr\u00eda<\/li>\n<li>Preparaci\u00f3n de soluciones valoradas<\/li>\n<li>Acidimetr\u00eda y Alcalimetr\u00eda<\/li>\n<li>Hidr\u00f3lisis de sales<\/li>\n<li>Preparaci\u00f3n de indicadores<\/li>\n<li>Titulaciones volum\u00e9tricas y potenciom\u00e9tricas<\/li>\n<li>Permanganimetr\u00eda<\/li>\n<li>Titulaciones de oxidaci\u00f3n \u2013 reducci\u00f3n<\/li>\n<li>T\u00e9cnicas de an\u00e1lisis gravim\u00e9tricos<\/li>\n<li>\u00a0An\u00e1lisis por espectrofotometr\u00eda<\/li>\n<li>Preparaci\u00f3n de agua destilada<\/li>\n<\/ul>\n<p><strong>Equipamiento<\/strong><\/p>\n<ul>\n<li>Espectrofot\u00f3metro<\/li>\n<li>Balanza electr\u00f3nica Sartorius<\/li>\n<li>Balanza de precisi\u00f3n de Sartorius<\/li>\n<li>Balanza de precisi\u00f3n Metler<\/li>\n<li>Balanza granataria Metler<\/li>\n<li>Equipos de Destilaci\u00f3n de 1 de 4lts\/ hora y 2 de 6lts\/hora (1)<\/li>\n<li>Equipos de medici\u00f3n de pH de laboratorio (6)<\/li>\n<li>Equipo de medici\u00f3n de pH en campo. (2)<\/li>\n<li>Horno mufla (2)<\/li>\n<li>Estufas de cultivo bacteriol\u00f3gico (2)<\/li>\n<li>Estufas de secado (3)<\/li>\n<li>Agitador magn\u00e9tico con calefacci\u00f3n<\/li>\n<li>Equipo de medici\u00f3n de conductividad<\/li>\n<\/ul>\n<p align=\"right\">\n<p><strong>Horario de Atenci\u00f3n<\/strong><\/p>\n<p>Lunes y Mi\u00e9rcoles de 17 a 19.<\/p>\n<p>Martes de 18:40 a 20:40.<\/p>\n<p>Jueves de 17:30 a 20.<\/p>\n<p>Viernes de 16:30 a 18.<\/p>\n<p><strong>Contacto<\/strong><\/p>\n<p><strong>E-mail:\u00a0<\/strong>matbasicas@frsn.utn.edu.ar<br \/>\n<strong>Tel:\u00a0<\/strong>0336-4420830 Interno 120<\/p>\n","protected":false},"excerpt":{"rendered":"<p>Introducci\u00f3n El Laboratorio de Ensayos Qu\u00edmicos de la Facultad Regional San Nicol\u00e1s funciona desde el a\u00f1o 1967; dependiendo en la actualidad del Departamento Materias B\u00e1sicas. Las actividades que se desarrollan<\/p>\n","protected":false},"author":2,"featured_media":0,"parent":414,"menu_order":0,"comment_status":"closed","ping_status":"closed","template":"","meta":[],"_links":{"self":[{"href":"https:\/\/www.frsn.utn.edu.ar\/index.php?rest_route=\/wp\/v2\/pages\/424"}],"collection":[{"href":"https:\/\/www.frsn.utn.edu.ar\/index.php?rest_route=\/wp\/v2\/pages"}],"about":[{"href":"https:\/\/www.frsn.utn.edu.ar\/index.php?rest_route=\/wp\/v2\/types\/page"}],"author":[{"embeddable":true,"href":"https:\/\/www.frsn.utn.edu.ar\/index.php?rest_route=\/wp\/v2\/users\/2"}],"replies":[{"embeddable":true,"href":"https:\/\/www.frsn.utn.edu.ar\/index.php?rest_route=%2Fwp%2Fv2%2Fcomments&post=424"}],"version-history":[{"count":2,"href":"https:\/\/www.frsn.utn.edu.ar\/index.php?rest_route=\/wp\/v2\/pages\/424\/revisions"}],"predecessor-version":[{"id":2879,"href":"https:\/\/www.frsn.utn.edu.ar\/index.php?rest_route=\/wp\/v2\/pages\/424\/revisions\/2879"}],"up":[{"embeddable":true,"href":"https:\/\/www.frsn.utn.edu.ar\/index.php?rest_route=\/wp\/v2\/pages\/414"}],"wp:attachment":[{"href":"https:\/\/www.frsn.utn.edu.ar\/index.php?rest_route=%2Fwp%2Fv2%2Fmedia&parent=424"}],"curies":[{"name":"wp","href":"https:\/\/api.w.org\/{rel}","templated":true}]}}