{"id":3013,"date":"2023-04-18T13:00:35","date_gmt":"2023-04-18T16:00:35","guid":{"rendered":"https:\/\/frsnweb2.frsn.utn.edu.ar\/?page_id=3013"},"modified":"2025-03-10T14:40:15","modified_gmt":"2025-03-10T17:40:15","slug":"accesibilidad","status":"publish","type":"page","link":"https:\/\/www.frsn.utn.edu.ar\/?page_id=3013","title":{"rendered":"Accesibilidad"},"content":{"rendered":"\n<p>En los \u00faltimos a\u00f1os, se ha extendido la evidente necesidad de pensar en la accesibilidad como un requisito fundamental a la hora de garantizar el derecho a la educaci\u00f3n.<\/p>\n\n\n\n<p>En este marco, la Universidad Tecnol\u00f3gica Nacional y la Regional han encaminado pol\u00ecticas destinadas a propiciar una Facultad m\u00e1s accesible.<\/p>\n\n\n\n<p>As\u00ed, desde 2017 la UTN San Nicol\u00e1s cuenta con un \u00e1rea de orientaci\u00f3n y apoyo a la diversidad, integrado por un equipo interdisciplinario.<\/p>\n\n\n\n<p>Este equipo depende de la Secretar\u00eda Acad\u00e9mica y de Planeamiento.<\/p>\n\n\n\n<p>Queda en claro la importancia de trabajar por una Universidad que incluya, integre y est\u00e9 a disposici\u00f3n de los m\u00e1s vulnerables. Para ello, resulta indispensable establecer pautas, din\u00e1micas y procedimientos institucionales para prevenir e intervenir en situaciones de discriminaci\u00f3n y\/o violencia cualquiera sea el tipo y modalidad en todo el \u00e1mbito de la Facultad, atendiendo y entendiendo la diversidad y necesidad de los sujetos que hacen a nuestra instituci\u00f3n.<\/p>\n\n\n\n<p><strong>Objetivos<\/strong><\/p>\n\n\n\n<p>Potenciar en el estudiantado sus posibilidades de autonom\u00eda en un marco que enfatice los valores de dignidad y respeto hacia las diferencias.<\/p>\n\n\n\n<p>Generar conciencia en toda nuestra comunidad universitaria equiparando oportunidades y previniendo barreras.<\/p>\n\n\n\n<p><strong>Contacto:<\/strong> <a href=\"mailto:accesibilidad@frsn.utn.edu.ar\" target=\"_blank\" rel=\"noopener\" title=\"\">accesibilidad@frsn.utn.edu.ar<\/a><\/p>\n\n\n\n<hr class=\"wp-block-separator has-alpha-channel-opacity\"\/>\n\n\n\n<p><strong>Pol\u00edticas de accesibilidad acad\u00e9mica<\/strong><\/p>\n\n\n\n<div class=\"wp-block-file\"><object class=\"wp-block-file__embed\" data=\"https:\/\/www.frsn.utn.edu.ar\/wp-content\/uploads\/2023\/09\/Politicas-de-Accesibilidad-Academica-Res-2680-16.pdf\" type=\"application\/pdf\" style=\"width:100%;height:600px\" aria-label=\"Incrustado de Politicas-de-Accesibilidad-Academica-Res-2680-16.\"><\/object><a id=\"wp-block-file--media-89defbe2-8f48-41d6-9006-e0886e9efbca\" href=\"https:\/\/www.frsn.utn.edu.ar\/wp-content\/uploads\/2023\/09\/Politicas-de-Accesibilidad-Academica-Res-2680-16.pdf\">Politicas-de-Accesibilidad-Academica-Res-2680-16<\/a><a href=\"https:\/\/www.frsn.utn.edu.ar\/wp-content\/uploads\/2023\/09\/Politicas-de-Accesibilidad-Academica-Res-2680-16.pdf\" class=\"wp-block-file__button wp-element-button\" download aria-describedby=\"wp-block-file--media-89defbe2-8f48-41d6-9006-e0886e9efbca\">Descarga<\/a><\/div>\n","protected":false},"excerpt":{"rendered":"<p>En los \u00faltimos a\u00f1os, se ha extendido la evidente necesidad de pensar en la accesibilidad como un requisito fundamental a la hora de garantizar el derecho a la educaci\u00f3n. En<\/p>\n","protected":false},"author":2,"featured_media":0,"parent":341,"menu_order":0,"comment_status":"closed","ping_status":"closed","template":"","meta":[],"_links":{"self":[{"href":"https:\/\/www.frsn.utn.edu.ar\/index.php?rest_route=\/wp\/v2\/pages\/3013"}],"collection":[{"href":"https:\/\/www.frsn.utn.edu.ar\/index.php?rest_route=\/wp\/v2\/pages"}],"about":[{"href":"https:\/\/www.frsn.utn.edu.ar\/index.php?rest_route=\/wp\/v2\/types\/page"}],"author":[{"embeddable":true,"href":"https:\/\/www.frsn.utn.edu.ar\/index.php?rest_route=\/wp\/v2\/users\/2"}],"replies":[{"embeddable":true,"href":"https:\/\/www.frsn.utn.edu.ar\/index.php?rest_route=%2Fwp%2Fv2%2Fcomments&post=3013"}],"version-history":[{"count":3,"href":"https:\/\/www.frsn.utn.edu.ar\/index.php?rest_route=\/wp\/v2\/pages\/3013\/revisions"}],"predecessor-version":[{"id":5561,"href":"https:\/\/www.frsn.utn.edu.ar\/index.php?rest_route=\/wp\/v2\/pages\/3013\/revisions\/5561"}],"up":[{"embeddable":true,"href":"https:\/\/www.frsn.utn.edu.ar\/index.php?rest_route=\/wp\/v2\/pages\/341"}],"wp:attachment":[{"href":"https:\/\/www.frsn.utn.edu.ar\/index.php?rest_route=%2Fwp%2Fv2%2Fmedia&parent=3013"}],"curies":[{"name":"wp","href":"https:\/\/api.w.org\/{rel}","templated":true}]}}

<p>En los últimos años, se ha extendido la evidente necesidad de pensar en la accesibilidad como un requisito fundamental a la hora de garantizar el derecho a la educación.</p>



<p>En este marco, la Universidad Tecnológica Nacional y la Regional han encaminado polìticas destinadas a propiciar una Facultad más accesible.</p>



<p>Así, desde 2017 la UTN San Nicolás cuenta con un área de orientación y apoyo a la diversidad, integrado por un equipo interdisciplinario.</p>



<p>Este equipo depende de la Secretaría Académica y de Planeamiento.</p>



<p>Queda en claro la importancia de trabajar por una Universidad que incluya, integre y esté a disposición de los más vulnerables. Para ello, resulta indispensable establecer pautas, dinámicas y procedimientos institucionales para prevenir e intervenir en situaciones de discriminación y/o violencia cualquiera sea el tipo y modalidad en todo el ámbito de la Facultad, atendiendo y entendiendo la diversidad y necesidad de los sujetos que hacen a nuestra institución.</p>



<p><strong>Objetivos</strong></p>



<p>Potenciar en el estudiantado sus posibilidades de autonomía en un marco que enfatice los valores de dignidad y respeto hacia las diferencias.</p>



<p>Generar conciencia en toda nuestra comunidad universitaria equiparando oportunidades y previniendo barreras.</p>



<p><strong>Contacto:</strong> <a href="mailto:accesibilidad@frsn.utn.edu.ar" target="_blank" rel="noopener" title="">accesibilidad@frsn.utn.edu.ar</a></p>



<hr class="wp-block-separator has-alpha-channel-opacity"/>



<p><strong>Políticas de accesibilidad académica</strong></p>



<div class="wp-block-file"><object class="wp-block-file__embed" data="https://www.frsn.utn.edu.ar/wp-content/uploads/2023/09/Politicas-de-Accesibilidad-Academica-Res-2680-16.pdf" type="application/pdf" style="width:100%;height:600px" aria-label="Incrustado de Politicas-de-Accesibilidad-Academica-Res-2680-16."></object><a id="wp-block-file--media-89defbe2-8f48-41d6-9006-e0886e9efbca" href="https://www.frsn.utn.edu.ar/wp-content/uploads/2023/09/Politicas-de-Accesibilidad-Academica-Res-2680-16.pdf">Politicas-de-Accesibilidad-Academica-Res-2680-16</a><a href="https://www.frsn.utn.edu.ar/wp-content/uploads/2023/09/Politicas-de-Accesibilidad-Academica-Res-2680-16.pdf" class="wp-block-file__button wp-element-button" download aria-describedby="wp-block-file--media-89defbe2-8f48-41d6-9006-e0886e9efbca">Descarga</a></div>

<p>En los últimos años, se ha extendido la evidente necesidad de pensar en la accesibilidad como un requisito fundamental a la hora de garantizar el derecho a la educación. En</p>
