{"id":30,"date":"2018-10-04T14:48:33","date_gmt":"2018-10-04T17:48:33","guid":{"rendered":"http:\/\/wordpress-test.frsn.utn.edu.ar\/?page_id=30"},"modified":"2025-02-17T18:17:50","modified_gmt":"2025-02-17T21:17:50","slug":"oferta-academica","status":"publish","type":"page","link":"https:\/\/www.frsn.utn.edu.ar\/?page_id=30","title":{"rendered":"Oferta Acad\u00e9mica"},"content":{"rendered":"<p>El verdadero desaf\u00edo de las universidades argentinas no s\u00f3lo radica en la producci\u00f3n de conocimiento para satisfacer las necesidades de la sociedad, sino tambi\u00e9n en ser el medio para que ella logre mayores oportunidades de crecimiento equitativo. Es por ese motivo, que asegurar la formaci\u00f3n integral de profesionales responsables y comprometidos con el medio social es una de las metas m\u00e1s importantes de la FRSN.<\/p>\n<p>Todas nuestras carreras, desde las tecnicaturas universitarias hasta el doctorado, contemplando las licenciaturas, ingenier\u00edas, especializaciones y maestr\u00edas,\u00a0 cuentan con docentes e investigadores del m\u00e1s alto nivel, amplio material did\u00e1ctico y un grupo de apoyo interdisciplinar predispuesto a brindar su ayuda.<\/p>\n<ul>\n<li><a href=\"https:\/\/www.frsn.utn.edu.ar\/?page_id=33\">Carreras de grado<\/a><\/li>\n<li><a href=\"https:\/\/www.frsn.utn.edu.ar\/?page_id=35\">Carreras de posgrado<\/a><\/li>\n<li><a href=\"https:\/\/www.frsn.utn.edu.ar\/?page_id=37\">Educaci\u00f3n continua<\/a><\/li>\n<li><a href=\"https:\/\/wwwsi.frsn.utn.edu.ar\/intranet\/ConsultarCursos\/index.asp\">Cursos de extensi\u00f3n<\/a><\/li>\n<\/ul>\n","protected":false},"excerpt":{"rendered":"<p>El verdadero desaf\u00edo de las universidades argentinas no s\u00f3lo radica en la producci\u00f3n de conocimiento para satisfacer las necesidades de la sociedad, sino tambi\u00e9n en ser el medio para que<\/p>\n","protected":false},"author":2,"featured_media":2514,"parent":0,"menu_order":0,"comment_status":"closed","ping_status":"closed","template":"","meta":[],"_links":{"self":[{"href":"https:\/\/www.frsn.utn.edu.ar\/index.php?rest_route=\/wp\/v2\/pages\/30"}],"collection":[{"href":"https:\/\/www.frsn.utn.edu.ar\/index.php?rest_route=\/wp\/v2\/pages"}],"about":[{"href":"https:\/\/www.frsn.utn.edu.ar\/index.php?rest_route=\/wp\/v2\/types\/page"}],"author":[{"embeddable":true,"href":"https:\/\/www.frsn.utn.edu.ar\/index.php?rest_route=\/wp\/v2\/users\/2"}],"replies":[{"embeddable":true,"href":"https:\/\/www.frsn.utn.edu.ar\/index.php?rest_route=%2Fwp%2Fv2%2Fcomments&post=30"}],"version-history":[{"count":4,"href":"https:\/\/www.frsn.utn.edu.ar\/index.php?rest_route=\/wp\/v2\/pages\/30\/revisions"}],"predecessor-version":[{"id":5490,"href":"https:\/\/www.frsn.utn.edu.ar\/index.php?rest_route=\/wp\/v2\/pages\/30\/revisions\/5490"}],"wp:featuredmedia":[{"embeddable":true,"href":"https:\/\/www.frsn.utn.edu.ar\/index.php?rest_route=\/wp\/v2\/media\/2514"}],"wp:attachment":[{"href":"https:\/\/www.frsn.utn.edu.ar\/index.php?rest_route=%2Fwp%2Fv2%2Fmedia&parent=30"}],"curies":[{"name":"wp","href":"https:\/\/api.w.org\/{rel}","templated":true}]}}