{"id":2935,"date":"2023-02-09T19:13:05","date_gmt":"2023-02-09T22:13:05","guid":{"rendered":"https:\/\/frsnweb2.frsn.utn.edu.ar\/?page_id=2935"},"modified":"2023-06-14T10:25:30","modified_gmt":"2023-06-14T13:25:30","slug":"gestion-de-tecnologias-agropecuarias","status":"publish","type":"page","link":"https:\/\/www.frsn.utn.edu.ar\/?page_id=2935","title":{"rendered":"Gesti\u00f3n de Tecnolog\u00edas Agropecuarias"},"content":{"rendered":"\n<p><strong>T\u00edtulo que otorga<\/strong><\/p>\n\n\n\n<p>T\u00e9cnico Universitario en Gesti\u00f3n de Tecnolog\u00edas Agropecuarias<\/p>\n\n\n\n<p><strong>Perfil del egresado<\/strong><\/p>\n\n\n\n<p>Esta carrera busca formar profesionales capacitados en: coordinar con el profesional espec\u00edfico las tareas de organizaci\u00f3n de las operaciones mecanizadas de un establecimiento agropecuario; brindar asistencia t\u00e9cnica relacionada con la maquinaria a establecimientos de producci\u00f3n agropecuaria, intermediarios y comerciantes del rubro; colaborar con el profesional espec\u00edfico en la selecci\u00f3n y evaluaci\u00f3n t\u00e9cnica de la maquinaria agr\u00edcola en un establecimiento productor; capacitar en funcionamiento y control de uso de los equipos agropecuarios; detectar potenciales mercados de venta en funci\u00f3n de las demandas surgidas a partir de las innovaciones en las pr\u00e1cticas agropecuarias; administrar, controlar y mantener los equipos secundarios como sistemas de riego y electrificadora rural, y realizar tareas de gesti\u00f3n en las \u00e1reas de posventa y atenci\u00f3n especializada al cliente.<\/p>\n\n\n\n<p><strong>Duraci\u00f3n<\/strong><\/p>\n\n\n\n<p>2 a\u00f1os y medio<\/p>\n\n\n\n<p><strong>Admisi\u00f3n<\/strong><\/p>\n\n\n\n<p>Poseer T\u00edtulo Secundario oficial<\/p>\n\n\n\n<p><strong>Informes e Inscripci\u00f3n<\/strong><\/p>\n\n\n\n<p>Secretar\u00eda de Posgrado y Educaci\u00f3n Continua<\/p>\n\n\n\n<p>E-mail:&nbsp;<a href=\"mailto:posgrado@frsn.utn.edu.ar\">posgrado@frsn.utn.edu.ar<\/a>&nbsp;&nbsp;&nbsp;&nbsp;&nbsp;<\/p>\n\n\n\n<div class=\"wp-block-file\"><object class=\"wp-block-file__embed\" data=\"https:\/\/www.frsn.utn.edu.ar\/wp-content\/uploads\/2023\/06\/Plan-de-estudios-agrop.pdf\" type=\"application\/pdf\" style=\"width:100%;height:600px\" aria-label=\"Incrustado de Plan-de-estudios-agrop.\"><\/object><a id=\"wp-block-file--media-f4d2a3d6-2b26-465b-a387-5a1cef5385c9\" href=\"https:\/\/www.frsn.utn.edu.ar\/wp-content\/uploads\/2023\/06\/Plan-de-estudios-agrop.pdf\">Plan-de-estudios-agrop<\/a><a href=\"https:\/\/www.frsn.utn.edu.ar\/wp-content\/uploads\/2023\/06\/Plan-de-estudios-agrop.pdf\" class=\"wp-block-file__button wp-element-button\" download aria-describedby=\"wp-block-file--media-f4d2a3d6-2b26-465b-a387-5a1cef5385c9\">Descarga<\/a><\/div>\n","protected":false},"excerpt":{"rendered":"<p>T\u00edtulo que otorga T\u00e9cnico Universitario en Gesti\u00f3n de Tecnolog\u00edas Agropecuarias Perfil del egresado Esta carrera busca formar profesionales capacitados en: coordinar con el profesional espec\u00edfico las tareas de organizaci\u00f3n de<\/p>\n","protected":false},"author":2,"featured_media":0,"parent":37,"menu_order":0,"comment_status":"closed","ping_status":"closed","template":"","meta":[],"_links":{"self":[{"href":"https:\/\/www.frsn.utn.edu.ar\/index.php?rest_route=\/wp\/v2\/pages\/2935"}],"collection":[{"href":"https:\/\/www.frsn.utn.edu.ar\/index.php?rest_route=\/wp\/v2\/pages"}],"about":[{"href":"https:\/\/www.frsn.utn.edu.ar\/index.php?rest_route=\/wp\/v2\/types\/page"}],"author":[{"embeddable":true,"href":"https:\/\/www.frsn.utn.edu.ar\/index.php?rest_route=\/wp\/v2\/users\/2"}],"replies":[{"embeddable":true,"href":"https:\/\/www.frsn.utn.edu.ar\/index.php?rest_route=%2Fwp%2Fv2%2Fcomments&post=2935"}],"version-history":[{"count":2,"href":"https:\/\/www.frsn.utn.edu.ar\/index.php?rest_route=\/wp\/v2\/pages\/2935\/revisions"}],"predecessor-version":[{"id":3387,"href":"https:\/\/www.frsn.utn.edu.ar\/index.php?rest_route=\/wp\/v2\/pages\/2935\/revisions\/3387"}],"up":[{"embeddable":true,"href":"https:\/\/www.frsn.utn.edu.ar\/index.php?rest_route=\/wp\/v2\/pages\/37"}],"wp:attachment":[{"href":"https:\/\/www.frsn.utn.edu.ar\/index.php?rest_route=%2Fwp%2Fv2%2Fmedia&parent=2935"}],"curies":[{"name":"wp","href":"https:\/\/api.w.org\/{rel}","templated":true}]}}