{"id":2226,"date":"2019-05-10T15:31:04","date_gmt":"2019-05-10T18:31:04","guid":{"rendered":"https:\/\/frsnweb2.frsn.utn.edu.ar\/?page_id=2226"},"modified":"2023-06-05T09:45:00","modified_gmt":"2023-06-05T12:45:00","slug":"sysacad","status":"publish","type":"page","link":"https:\/\/www.frsn.utn.edu.ar\/?page_id=2226","title":{"rendered":"SysAcad"},"content":{"rendered":"\n<figure class=\"wp-block-table\"><table><tbody><tr><td>Mediante el <a href=\"https:\/\/wwwsi.frsn.utn.edu.ar\/sysacad\" title=\"\">SysACAD por Web<\/a>, los alumnos podr\u00e1n gestionar la inscripci\u00f3n a cursado, inscripci\u00f3n a ex\u00e1menes y consultar su estado acad\u00e9mico.Para acceder al sistema, se \u00a0requiere el n\u00famero de legajo y una contrase\u00f1a personal e intransferible. <br><br>Dicha contrase\u00f1a debe ser solicitada por mail a la cuenta sysacad@frsn.utn.edu.ar, con el asunto \u00abnueva contrase\u00f1a sysacad\u00bb, con los siguientes datos:Apellido y nombreNro. legajoNro. DNI<br><br>S\u00f3lo se responder\u00e1n los mails que provengan de una cuenta personal del alumno que lo solicita.Los alumnos pueden acceder al Sysacad por web <a href=\"http:\/\/wwwsi.frsn.utn.edu.ar\/sysacad\" target=\"_blank\" rel=\"noopener\" title=\"\">desde aqu\u00ed<\/a>.<\/td><\/tr><\/tbody><\/table><\/figure>\n","protected":false},"excerpt":{"rendered":"<p>Mediante el SysACAD por Web, los alumnos podr\u00e1n gestionar la inscripci\u00f3n a cursado, inscripci\u00f3n a ex\u00e1menes y consultar su estado acad\u00e9mico.Para acceder al sistema, se \u00a0requiere el n\u00famero de legajo<\/p>\n","protected":false},"author":2,"featured_media":2462,"parent":267,"menu_order":0,"comment_status":"closed","ping_status":"closed","template":"","meta":[],"_links":{"self":[{"href":"https:\/\/www.frsn.utn.edu.ar\/index.php?rest_route=\/wp\/v2\/pages\/2226"}],"collection":[{"href":"https:\/\/www.frsn.utn.edu.ar\/index.php?rest_route=\/wp\/v2\/pages"}],"about":[{"href":"https:\/\/www.frsn.utn.edu.ar\/index.php?rest_route=\/wp\/v2\/types\/page"}],"author":[{"embeddable":true,"href":"https:\/\/www.frsn.utn.edu.ar\/index.php?rest_route=\/wp\/v2\/users\/2"}],"replies":[{"embeddable":true,"href":"https:\/\/www.frsn.utn.edu.ar\/index.php?rest_route=%2Fwp%2Fv2%2Fcomments&post=2226"}],"version-history":[{"count":5,"href":"https:\/\/www.frsn.utn.edu.ar\/index.php?rest_route=\/wp\/v2\/pages\/2226\/revisions"}],"predecessor-version":[{"id":3141,"href":"https:\/\/www.frsn.utn.edu.ar\/index.php?rest_route=\/wp\/v2\/pages\/2226\/revisions\/3141"}],"up":[{"embeddable":true,"href":"https:\/\/www.frsn.utn.edu.ar\/index.php?rest_route=\/wp\/v2\/pages\/267"}],"wp:featuredmedia":[{"embeddable":true,"href":"https:\/\/www.frsn.utn.edu.ar\/index.php?rest_route=\/wp\/v2\/media\/2462"}],"wp:attachment":[{"href":"https:\/\/www.frsn.utn.edu.ar\/index.php?rest_route=%2Fwp%2Fv2%2Fmedia&parent=2226"}],"curies":[{"name":"wp","href":"https:\/\/api.w.org\/{rel}","templated":true}]}}