{"id":177,"date":"2018-10-25T14:30:36","date_gmt":"2018-10-25T17:30:36","guid":{"rendered":"https:\/\/frsnweb2.frsn.utn.edu.ar\/?page_id=177"},"modified":"2025-10-07T09:50:59","modified_gmt":"2025-10-07T12:50:59","slug":"investigacion-2","status":"publish","type":"page","link":"https:\/\/www.frsn.utn.edu.ar\/?page_id=177","title":{"rendered":"Investigaci\u00f3n"},"content":{"rendered":"\n<p>Actualmente, en la FRSN se encuentran 18 grupos o l\u00edneas de investigaci\u00f3n, de las cuales 15 est\u00e1n relacionados con las carreras de grado. Desde el 2010 hasta la fecha, se han desarrollado y aprobado un total de 36 proyectos de Innovaci\u00f3n y Desarrollo (PID). De estos proyectos, 29 est\u00e1n vinculados a los departamentos de Ingenier\u00eda, 6 a la SCyT y 1 al Departamento de Materias B\u00e1sicas. En los proyectos contemplados dentro de la SCyT se incluyen aquellos desarrolados por el grupo de Estudios Ambientales (GEA), el grupo de Investigaci\u00f2n en Educaci\u00f3n (GIE) y el grupo de Tecnolog\u00edas M\u00f3viles Aplicadas a la Educaci\u00f3n (TecMovAE), los mismos son considerados transversales a las diferentes especialidades o carreras.<\/p>\n\n\n\n<p>El financiamento de la mayor\u00eda de los proyectos surge de la Universidad Tecnol\u00f3gica Nacional a trav\u00e9s de los denominados Proyectos de Investigaci\u00f3n y Desarrollo (PID-UTN). En menor grado, se han desarrollado proyectos financiados por la Facultad (PID-Facultad) y por la Agencia Nacional de Promociones Cient\u00edficas y Tecnol\u00f3gicas (ANPCyT). Sin embargo, es fundamental mencionar que los proyectos subsidiados por la ANPCyT han aportando importantes montos de financiamiento.<\/p>\n\n\n\n<p><\/p>\n","protected":false},"excerpt":{"rendered":"<p>Actualmente, en la FRSN se encuentran 18 grupos o l\u00edneas de investigaci\u00f3n, de las cuales 15 est\u00e1n relacionados con las carreras de grado. Desde el 2010 hasta la fecha, se<\/p>\n","protected":false},"author":2,"featured_media":2514,"parent":0,"menu_order":0,"comment_status":"closed","ping_status":"closed","template":"","meta":[],"_links":{"self":[{"href":"https:\/\/www.frsn.utn.edu.ar\/index.php?rest_route=\/wp\/v2\/pages\/177"}],"collection":[{"href":"https:\/\/www.frsn.utn.edu.ar\/index.php?rest_route=\/wp\/v2\/pages"}],"about":[{"href":"https:\/\/www.frsn.utn.edu.ar\/index.php?rest_route=\/wp\/v2\/types\/page"}],"author":[{"embeddable":true,"href":"https:\/\/www.frsn.utn.edu.ar\/index.php?rest_route=\/wp\/v2\/users\/2"}],"replies":[{"embeddable":true,"href":"https:\/\/www.frsn.utn.edu.ar\/index.php?rest_route=%2Fwp%2Fv2%2Fcomments&post=177"}],"version-history":[{"count":9,"href":"https:\/\/www.frsn.utn.edu.ar\/index.php?rest_route=\/wp\/v2\/pages\/177\/revisions"}],"predecessor-version":[{"id":6280,"href":"https:\/\/www.frsn.utn.edu.ar\/index.php?rest_route=\/wp\/v2\/pages\/177\/revisions\/6280"}],"wp:featuredmedia":[{"embeddable":true,"href":"https:\/\/www.frsn.utn.edu.ar\/index.php?rest_route=\/wp\/v2\/media\/2514"}],"wp:attachment":[{"href":"https:\/\/www.frsn.utn.edu.ar\/index.php?rest_route=%2Fwp%2Fv2%2Fmedia&parent=177"}],"curies":[{"name":"wp","href":"https:\/\/api.w.org\/{rel}","templated":true}]}}